
{"id":136,"date":"2025-02-06T08:26:16","date_gmt":"2025-02-06T06:26:16","guid":{"rendered":"https:\/\/kotisivutsinulle.fi\/yritykset\/viikkoprint\/?page_id=136"},"modified":"2025-02-07T15:07:52","modified_gmt":"2025-02-07T13:07:52","slug":"seinakalenteri","status":"publish","type":"page","link":"https:\/\/kotisivutsinulle.fi\/yritykset\/viikkoprint\/seinakalenteri\/","title":{"rendered":"Sein\u00e4kalenteri"},"content":{"rendered":"\n<div class=\"wp-block-cover alignfull has-parallax\" style=\"padding-top:0;padding-bottom:0;min-height:790px;aspect-ratio:unset;\"><span aria-hidden=\"true\" class=\"wp-block-cover__background has-accent-6-background-color has-background-dim\"><\/span><div class=\"wp-block-cover__image-background wp-image-137 has-parallax\" style=\"background-position:50% 50%;background-image:url(https:\/\/kotisivutsinulle.fi\/yritykset\/viikkoprint\/wp-content\/uploads\/2025\/02\/viikkoprint9.jpg)\"><\/div><div class=\"wp-block-cover__inner-container has-global-padding is-layout-constrained wp-container-core-cover-is-layout-14bf73ab wp-block-cover-is-layout-constrained\">\n<p class=\"has-text-align-center is-style-text-annotation has-background has-xx-large-font-size is-style-text-annotation--1\" style=\"border-style:none;border-width:0px;border-radius:0px;background-color:#121212a6;margin-top:0;margin-right:0;margin-bottom:0;margin-left:0;padding-top:var(--wp--preset--spacing--20);padding-right:var(--wp--preset--spacing--60);padding-bottom:var(--wp--preset--spacing--20);padding-left:var(--wp--preset--spacing--60)\">TILAA  LAADUKAS<br>SEIN\u00c4KALENTERI<br>MUISTILEHTI\u00d6LL\u00c4!<\/p>\n\n\n\n<p><\/p>\n<\/div><\/div>\n\n\n\n<div class=\"wp-block-group alignwide has-global-padding is-content-justification-center is-layout-constrained wp-container-core-group-is-layout-8dbbdb19 wp-block-group-is-layout-constrained\">\n<h2 class=\"wp-block-heading\" id=\"h2-otsikko\" style=\"margin-top:var(--wp--preset--spacing--20);margin-bottom:var(--wp--preset--spacing--20)\">Sein\u00e4kalenteri yrityksesi ilmeell\u00e4<\/h2>\n\n\n\n<p class=\"has-large-font-size\" id=\"leipa\" style=\"margin-top:0;margin-right:0;margin-bottom:0;margin-left:0;padding-right:0;padding-left:0\">Laadukas ja monik\u00e4ytt\u00f6inen sein\u00e4kalenteri sopii mainiosti niin liikelahjaksi kuin monenlaiseen muuhun mainontaan. Toteutamme sein\u00e4kalenterisi tyylikk\u00e4\u00e4sti yrityksesi logolla ja v\u00e4rimaailmalla varustettuna. Kysy edullisia hintojamme \u2013 mit\u00e4 enemm\u00e4n painatat, sit\u00e4 v\u00e4hemm\u00e4n yksitt\u00e4inen kalenteri sinulle maksaa!<br><br>Ota yhteytt\u00e4 Viikko-Printiin, kun kaipaat ammattilaisen tarjoamia painopalveluita alueella Riihim\u00e4ki ja muu Kanta-H\u00e4me! Vastaamme mielell\u00e4mme sinua mietitytt\u00e4viin kysymyksiin ja tiedusteluihin painotuotteista.<\/p>\n\n\n\n<div class=\"wp-block-buttons is-layout-flex wp-block-buttons-is-layout-flex\">\n<div class=\"wp-block-button has-custom-width wp-block-button__width-25\"><a class=\"wp-block-button__link has-background wp-element-button\" href=\"https:\/\/kotisivutsinulle.fi\/yritykset\/viikkoprint\/yhteystiedot\/\" style=\"border-style:none;border-width:0px;border-radius:3px;background-color:#0f4fb3;padding-top:var(--wp--preset--spacing--20);padding-right:0;padding-bottom:var(--wp--preset--spacing--20);padding-left:0\">OTA YHTEYTT\u00c4 &gt;&gt;<\/a><\/div>\n<\/div>\n<\/div>\n\n\n\n<div class=\"wp-block-group alignfull has-background has-global-padding is-layout-constrained wp-block-group-is-layout-constrained\" style=\"background-color:#0f4fb3;padding-top:var(--wp--preset--spacing--50);padding-bottom:var(--wp--preset--spacing--50)\">\n<div class=\"wp-block-columns alignfull is-layout-flex wp-container-core-columns-is-layout-28f84493 wp-block-columns-is-layout-flex\">\n<div class=\"wp-block-column is-vertically-aligned-center is-layout-flow wp-block-column-is-layout-flow\">\n<figure class=\"wp-block-image alignright size-large is-resized\"><img loading=\"lazy\" decoding=\"async\" width=\"1920\" height=\"2560\" src=\"https:\/\/kotisivutsinulle.fi\/yritykset\/viikkoprint\/wp-content\/uploads\/2025\/02\/viikkoprint-edited-scaled.jpg\" alt=\"\" class=\"wp-image-143\" style=\"width:506px;height:auto\" srcset=\"https:\/\/kotisivutsinulle.fi\/yritykset\/viikkoprint\/wp-content\/uploads\/2025\/02\/viikkoprint-edited-scaled.jpg 1920w, https:\/\/kotisivutsinulle.fi\/yritykset\/viikkoprint\/wp-content\/uploads\/2025\/02\/viikkoprint-edited-225x300.jpg 225w, https:\/\/kotisivutsinulle.fi\/yritykset\/viikkoprint\/wp-content\/uploads\/2025\/02\/viikkoprint-edited-768x1024.jpg 768w, https:\/\/kotisivutsinulle.fi\/yritykset\/viikkoprint\/wp-content\/uploads\/2025\/02\/viikkoprint-edited-1152x1536.jpg 1152w, https:\/\/kotisivutsinulle.fi\/yritykset\/viikkoprint\/wp-content\/uploads\/2025\/02\/viikkoprint-edited-1536x2048.jpg 1536w\" sizes=\"auto, (max-width: 1920px) 100vw, 1920px\" \/><\/figure>\n<\/div>\n\n\n\n<div class=\"wp-block-column is-layout-flow wp-block-column-is-layout-flow\">\n<h2 class=\"wp-block-heading has-base-color has-text-color has-link-color wp-elements-0351aec57e163be34b686f67a9bee1c9\" id=\"h2-otsikko\">Sein\u00e4kalenteri ja muistilehti\u00f6 samassa!\u00a0<\/h2>\n\n\n\n<p class=\"has-base-color has-text-color has-link-color wp-elements-ce81b37e9158f98d8e2199264e3e1579\" id=\"leipa\">Paperisella kalenterilla on edelleen helpointa pit\u00e4\u00e4 asiat j\u00e4rjestyksess\u00e4. Uudenlainen mallisuojattu kalenterimme erottuu edukseen k\u00e4tevien muistilehti\u00f6iden ansioista. Muistiinpanoille on runsaasti tilaa kahdessa liimalehti\u00f6ss\u00e4 ja mik\u00e4 parasta, lehti\u00f6it\u00e4 voit tilata aina lis\u00e4\u00e4 muutaman p\u00e4iv\u00e4n toimitusajalla. Kalenteri toteutetaan yrityksenne tarpeiden mukaisesti. Omalla ulkoasulla varustettu kalenteri muistuttaa asiakkaitasi kumppanuudestanne ja hyvist\u00e4 palveluistanne vuoden jokaisena p\u00e4iv\u00e4n\u00e4.<\/p>\n\n\n\n<h2 class=\"wp-block-heading has-base-color has-text-color has-link-color wp-elements-25c83fb548d152339571d255f6a23f03\" id=\"h2-otsikko\">Aina tyylikk\u00e4\u00e4sti esill\u00e4<\/h2>\n\n\n\n<p class=\"has-base-color has-text-color has-link-color wp-elements-363c482caccdcc21f86cfd632bd95819\">Muistilehti\u00f6iden v\u00e4rillisill\u00e4 sivuilla yrityksenne logo, yhteystiedot ja muu t\u00e4rke\u00e4 info ovat aina tyylikk\u00e4\u00e4sti esill\u00e4. Laadukas sein\u00e4kalenteri on haluttu liike- ja mainoslahja, joka sopii jaettavaksi vaikkapa yritystapahtumiin. My\u00f6s muut yhteis\u00f6t, j\u00e4rjest\u00f6t ja yksityishenkil\u00f6t arvostavat korkealaatuista sein\u00e4kalenteria.<br><br>Yli 30 vuoden kokemuksemme graafiselta alalta takaa ammattitaitoisen ja eritt\u00e4in laadukkaan lopputuloksen.&nbsp;<\/p>\n\n\n\n<div class=\"wp-block-buttons is-layout-flex wp-block-buttons-is-layout-flex\">\n<div class=\"wp-block-button\"><a class=\"wp-block-button__link has-background wp-element-button\" href=\"https:\/\/kotisivutsinulle.fi\/yritykset\/viikkoprint\/yhteystiedot\/\" style=\"border-width:4px;border-radius:3px;background-color:#0f4fb3;padding-top:var(--wp--preset--spacing--20);padding-right:var(--wp--preset--spacing--30);padding-bottom:var(--wp--preset--spacing--20);padding-left:var(--wp--preset--spacing--30)\">OTA YHTEYTT\u00c4 &gt;&gt;<\/a><\/div>\n<\/div>\n<\/div>\n<\/div>\n<\/div>\n\n\n\n<div class=\"wp-block-columns alignfull is-layout-flex wp-container-core-columns-is-layout-28f84493 wp-block-columns-is-layout-flex\">\n<div class=\"wp-block-column is-layout-flow wp-block-column-is-layout-flow\" style=\"flex-basis:66.66%\">\n<div class=\"wp-block-group has-global-padding is-layout-constrained wp-block-group-is-layout-constrained\">\n<h2 class=\"wp-block-heading\">Ajatuksella tehty sein\u00e4kalenteri ihastuttaa koko vuoden<\/h2>\n\n\n\n<p>Ulkoasu yrityksenne v\u00e4rimaailmaa noudattaen<\/p>\n\n\n\n<p>Kalenteri ja muistiinpanot liimalehti\u00f6n\u00e4<\/p>\n\n\n\n<p>Koko 21 x 297 (A4), kysy my\u00f6s muita kokoja<\/p>\n\n\n\n<p>Tukeva pohjapahvi<\/p>\n\n\n\n<p>Kaksi v\u00e4rillist\u00e4 liimamuistilehti\u00f6t\u00e4 n. 50 lehte\u00e4 x 2 blokki<\/p>\n\n\n\n<p>Pohjapahvissa yrityksenne iskulause tai muu mainos\/ilmoitus<\/p>\n\n\n\n<p>Muistilehti\u00f6ss\u00e4 yrityksenne logo ja yhteystiedot yms.<\/p>\n<\/div>\n\n\n\n<div class=\"wp-block-buttons is-content-justification-center is-layout-flex wp-container-core-buttons-is-layout-a89b3969 wp-block-buttons-is-layout-flex\">\n<div class=\"wp-block-button has-custom-width wp-block-button__width-25\"><a class=\"wp-block-button__link has-background wp-element-button\" href=\"https:\/\/kotisivutsinulle.fi\/yritykset\/viikkoprint\/yhteystiedot\/\" style=\"border-style:none;border-width:0px;border-radius:3px;background-color:#0f4fb3;padding-top:var(--wp--preset--spacing--20);padding-right:0;padding-bottom:var(--wp--preset--spacing--20);padding-left:0\">OTA YHTEYTT\u00c4 &gt;&gt;<\/a><\/div>\n<\/div>\n\n\n\n<div class=\"wp-block-group has-global-padding is-layout-constrained wp-block-group-is-layout-constrained\">\n<h2 class=\"wp-block-heading\" id=\"h2-otsikko\">Miten tilaat?<\/h2>\n\n\n\n<p id=\"leipa\">Jos haluat nopeasti lis\u00e4tietoa toimituksestamme, meille voit aina soittaa. Tilauksen ja tarjouspyynn\u00f6n voit l\u00e4hett\u00e4\u00e4 my\u00f6s s\u00e4hk\u00f6postilla (tuotanto@viikkoprint.fi), jolloin t\u00e4rkeimm\u00e4t asiat tulee kirjoitettua auki puolin ja toisin. Voit hy\u00f6dynt\u00e4\u00e4 tarjouspyynn\u00f6n tai tilauksen tekemiseen my\u00f6s valmista lomakepohjaamme, jonka voit l\u00e4hett\u00e4\u00e4 meille t\u00e4ytettyn\u00e4 postitse tai s\u00e4hk\u00f6postitse.<br><br>Koevedos viimeistelee n\u00e4kemyksen: L\u00e4het\u00e4mme kalenterivedoksen asiakkaalle oikoluettavaksi pdf-muodossa tai niin halutessasi postitse. Yhdet vedoksen korjaukset sis\u00e4ltyv\u00e4t hintaan.<br><br>Ota yhteytt\u00e4 \u2013 luodaan yrityksellesi tyylik\u00e4s sein\u00e4kalenteri yhdess\u00e4! Sein\u00e4kalenteri voidaan toteuttaa alkavana mist\u00e4 kuukaudesta tahansa, esimerkiksi kes\u00e4kuulta kes\u00e4kuulle.<\/p>\n<\/div>\n\n\n\n<div class=\"wp-block-buttons is-content-justification-center is-layout-flex wp-container-core-buttons-is-layout-a89b3969 wp-block-buttons-is-layout-flex\">\n<div class=\"wp-block-button has-custom-width wp-block-button__width-25\"><a class=\"wp-block-button__link has-background wp-element-button\" href=\"https:\/\/kotisivutsinulle.fi\/yritykset\/viikkoprint\/yhteystiedot\/\" style=\"border-style:none;border-width:0px;border-radius:3px;background-color:#0f4fb3;padding-top:var(--wp--preset--spacing--20);padding-right:0;padding-bottom:var(--wp--preset--spacing--20);padding-left:0\">OTA YHTEYTT\u00c4 &gt;&gt;<\/a><\/div>\n<\/div>\n<\/div>\n\n\n\n<div class=\"wp-block-column is-layout-flow wp-block-column-is-layout-flow\" style=\"flex-basis:33.33%\"><\/div>\n<\/div>\n","protected":false},"excerpt":{"rendered":"<p>Sein\u00e4kalenteri yrityksesi ilmeell\u00e4 Laadukas ja monik\u00e4ytt\u00f6inen sein\u00e4kalenteri sopii mainiosti niin liikelahjaksi kuin monenlaiseen muuhun mainontaan. Toteutamme sein\u00e4kalenterisi tyylikk\u00e4\u00e4sti yrityksesi logolla ja v\u00e4rimaailmalla varustettuna. Kysy edullisia hintojamme \u2013 mit\u00e4 enemm\u00e4n painatat, sit\u00e4 v\u00e4hemm\u00e4n yksitt\u00e4inen kalenteri sinulle maksaa! Ota yhteytt\u00e4 Viikko-Printiin, kun kaipaat ammattilaisen tarjoamia painopalveluita alueella Riihim\u00e4ki ja muu Kanta-H\u00e4me! Vastaamme mielell\u00e4mme sinua mietitytt\u00e4viin kysymyksiin ja [&hellip;]<\/p>\n","protected":false},"author":1,"featured_media":0,"parent":0,"menu_order":0,"comment_status":"closed","ping_status":"closed","template":"","meta":{"footnotes":""},"class_list":["post-136","page","type-page","status-publish","hentry"],"_links":{"self":[{"href":"https:\/\/kotisivutsinulle.fi\/yritykset\/viikkoprint\/wp-json\/wp\/v2\/pages\/136","targetHints":{"allow":["GET"]}}],"collection":[{"href":"https:\/\/kotisivutsinulle.fi\/yritykset\/viikkoprint\/wp-json\/wp\/v2\/pages"}],"about":[{"href":"https:\/\/kotisivutsinulle.fi\/yritykset\/viikkoprint\/wp-json\/wp\/v2\/types\/page"}],"author":[{"embeddable":true,"href":"https:\/\/kotisivutsinulle.fi\/yritykset\/viikkoprint\/wp-json\/wp\/v2\/users\/1"}],"replies":[{"embeddable":true,"href":"https:\/\/kotisivutsinulle.fi\/yritykset\/viikkoprint\/wp-json\/wp\/v2\/comments?post=136"}],"version-history":[{"count":16,"href":"https:\/\/kotisivutsinulle.fi\/yritykset\/viikkoprint\/wp-json\/wp\/v2\/pages\/136\/revisions"}],"predecessor-version":[{"id":297,"href":"https:\/\/kotisivutsinulle.fi\/yritykset\/viikkoprint\/wp-json\/wp\/v2\/pages\/136\/revisions\/297"}],"wp:attachment":[{"href":"https:\/\/kotisivutsinulle.fi\/yritykset\/viikkoprint\/wp-json\/wp\/v2\/media?parent=136"}],"curies":[{"name":"wp","href":"https:\/\/api.w.org\/{rel}","templated":true}]}}